h/(-5))/(-2)?
1
Let a(w) = 443*w**2 - w + 6. What is the units digit of a(2)?
6
Let w(y) = -366*y + 802. What is the tens digit of w(-6)?
9
Suppose r + 7 = 5*m + 17, 20 = 4*r. Let c be ((-3)/5)/(m/5). What is the units digit of ((-39)/(-15) - c)*-35?
4
Suppose -3*d - 1 = -o - 9, -5*d + 15 = 0. What is the tens digit of (o + (-10)/(-15))*123?
0
Let y = 26 + -27. What is the units digit of 2/(-6) + ((-223)/3)/y?
4
Let m(f) = -f**3 - 7*f**2 + 4*f + 2. Let p be m(-8). Let a(z) = -z**3 - 7 + 15 - 33*z**2 + p*z**2. What is the units digit of a(0)?
8
Let c = 15 + -10. Suppose -c*i + 20 = -i. Suppose 10*d - i*d = 95. What is the units digit of d?
9
Let k = 155 - -68. What is the hundreds digit of k?
2
Let i = 89 - 84. Suppose -2*w - 4*y + 0 = -74, -i*y = 3*w - 108. What is the tens digit of w?
3
Let j(w) = -w**3 - 14*w**2 + 2*w + 33. Let o be j(-14). Let d = 47 - o. What is the units digit of d?
2
Let r(j) = j**2 + 4*j + 4. Let h = 21 + -25. What is the units digit of r(h)?
4
Suppose 3*w = -65 + 500. Let o = -64 + w. What is the units digit of o?
1
Suppose 3*n - 15 = -3*b, 2*n + b = 4*n - 1. What is the tens digit of 130/4 + n/(-4)?
3
Suppose w + 1 = 0, -3*v - w = -5*w - 16. Suppose -3*x = c + v*c - 11, -c = 2*x - 5. What is the units digit of c?
1
Let c = -1 - -1. Suppose -2*h + 0*n = n - 9, -4*h + 4*n + 36 = c. Let f(j) = -j + 12. What is the units digit of f(h)?
6
Let z(o) be the second derivative of o**4/12 + 4*o**3 + 35*o**2/2 - 10*o. What is the tens digit of z(-25)?
6
Let l(p) = -p**2 - 2*p + 1. Let b be l(1). Let c = -81 + 85. What is the tens digit of b/c - 66/(-4)?
1
Let c(f) = -40*f**3 - 39*f**3 + 4*f + 5*f**2 + 80*f**3 - 1. Let t be c(-3). Suppose 5*q = -2*h + 48, 0 = -t*h - 5*q - 60 + 150. What is the units digit of h?
4
Suppose z + 9 = 5*o + 2, o - 8 = -2*z. Suppose -z*d + 115 = -a - 88, 202 = 3*d - 2*a. What is the tens digit of d?
6
Let a(f) = 3*f + 625. What is the tens digit of a(0)?
2
Let y(o) = 84*o + 46. What is the hundreds digit of y(4)?
3
Let r be -2*81/6*1. Let m = r + 9. What is the tens digit of (-1248)/m + 2/(-6)?
6
Let h(p) = 16*p - 9. Suppose 3*v - 18 + 9 = 0. What is the units digit of h(v)?
9
Suppose -8*f + 779 = -277. Suppose -v + 5*b = -5*v + f, 0 = 5*v + b - 165. What is the tens digit of v?
3
Let z(k) = 2*k + 11. Suppose 4*d - 14 = -2*s, -5*s + d = 2*d + 10. Let o be (8/16)/(s/(-66)). What is the tens digit of z(o)?
3
Suppose -4*s + 2865 = 3*b, -5*s + 7*b - 6*b + 3586 = 0. What is the hundreds digit of s?
7
Let r = 1148 - 622. What is the tens digit of r?
2
Let m = -837 + 1440. What is the units digit of m?
3
Suppose 0 = -0*o + 7*o + 56. Let s(j) = j**2 - j - 1. What is the units digit of s(o)?
1
Suppose -2*t = -3*t + 100. What is the hundreds digit of 3/(9/6)*t?
2
Let v = -3 + 9. Let s(p) = 43*p - 129*p + 10 + 46*p + 43*p. What is the tens digit of s(v)?
2
Suppose -151 = -5*l + 1069. What is the hundreds digit of l?
2
Let k(l) be the first derivative of l**5/20 + l**4/2 + l**3/2 + 4*l**2 + 5*l - 6. Let y(i) be the first derivative of k(i). What is the tens digit of y(-4)?
2
Let l(u) = 245*u + 20. Let f(v) = -163*v - 13. Let r(g) = -7*f(g) - 5*l(g). What is the units digit of r(-2)?
9
Let g be (2/4 - -2)*10. Let p = g - 23. What is the units digit of p?
2
Let d(p) be the third derivative of p**4/12 + p**3/3 + 6*p**2. Suppose 4*y - 24 = -0*y. What is the units digit of d(y)?
4
Let o = 21 - 19. Let x(l) = 6*l + 1. What is the units digit of x(o)?
3
Suppose 6 = 4*v - 2*a, 0*a = 5*v - 2*a - 9. Suppose 0 = 3*m + v, -3*c + 205 = 2*m - 6*m. Let u = c + -28. What is the units digit of u?
9
Let t be (1/3 + 1)*3/2. Suppose -3*f + 104 = 2*w - 179, 0 = 2*w - t*f - 298. What is the tens digit of w?
4
Suppose -a - g + 21 = 2*g, -4*g + 14 = -a. Suppose 0 = -2*l + a*l - 176. What is the units digit of l?
4
Suppose -6*r + 2*r + 3752 = 4*g, -g = 2*r - 1881. What is the tens digit of r?
4
Suppose 4*s + 2*p = 9288, -13442 = -5*s + 5*p - 1862. What is the hundreds digit of s?
3
Suppose -2*l + 34 = -4*l. Let c = -6 - l. Suppose -2*z + 19 + c = 0. What is the tens digit of z?
1
What is the hundreds digit of 2*((-4710)/(-12) + 1)?
7
Let n(b) = b + 2. Let y(u) = -6*u**3 - 1. Let w be y(-1). Let p be n(w). Suppose -5*s - p + 24 = -k, -4*s = -3*k - 7. What is the units digit of s?
4
Let k(l) = -3*l**3 - 1. Let d be k(-1). Suppose 3*f + 0*s + 1 = -2*s, 5*f = -d*s + 5. What is the units digit of f?
3
Suppose 0 = -5*h + 7 + 3. Let s(y) = -6*y - 23*y**2 + 0*y + 18*y**h - y**3. What is the tens digit of s(-5)?
3
Let j = -43 + 19. Let a = j + 30. What is the units digit of a?
6
Let f be (-3 - (2 - 3)) + 19. Let d be (f + 4)/1*2. Let l = d - 20. What is the units digit of l?
2
What is the thousands digit of (5 + -16 - -3) + 2689?
2
Suppose 0*n + 2*t = -4*n - 10, -2*n + 10 = -2*t. Suppose n - 10 = -5*y. Suppose -10 + y = -4*o. What is the units digit of o?
2
Let t(c) = -c**3 - 2*c**2 + 2*c + 2. Let i be t(-4). Let m(h) = -2*h + 5. Let r be m(7). Let z = i + r. What is the tens digit of z?
1
Let i(a) = -a**3 + 2*a**2 + 9*a. Let f be i(4). Suppose 74 = 2*t + 2*b - 4*b, f*b = -12. What is the units digit of t?
4
Let r be (-1 + 5 - 5) + 219. What is the tens digit of (r/10)/(8 + (-273)/35)?
0
Let o be (-33)/(-4) - (-36)/48. Let b be ((-130)/15)/((-3)/o). Suppose 2*c - 4*c + b = 0. What is the units digit of c?
3
Let n = 67 + -30. Let s = 37 - n. Suppose 5 = 2*g + 2*q - 7*q, s = 3*g - 2*q - 35. What is the tens digit of g?
1
Suppose -z - 8*z + 27 = 0. Suppose t + z*q - 28 = 4*q, 0 = -5*t - 3*q + 164. What is the tens digit of t?
3
Let f be 6*(21/6 + -3). Suppose 32 - 165 = -f*h - o, o - 87 = -2*h. What is the units digit of h?
6
Let y(v) = -32 + 0*v - 4*v - 4*v. What is the tens digit of y(-16)?
9
Let m(t) = -24*t. Suppose 2*k - 4 = -0*k. Let o be m(k). What is the units digit of -10*(o/20 + 2)?
4
Let z(l) = -3*l**3 - 2*l**2 + 2*l. Suppose 3*y - 4*x = 7*y - 12, 0 = -5*x - 5. Suppose -2*o - 16 = y*c, -19 = 4*c + o - 7. What is the tens digit of z(c)?
1
Suppose 9*l - 2 = 7*l. Let x(u) = 3*u**3 + 3*u**2 - 3*u + 1. What is the units digit of x(l)?
4
Let z(x) = -x**3 + 2*x - 13. Let t be z(-3). Let o = 614 - 1322. What is the units digit of o/t*2/(-3)?
9
Let b = 16 - 13. Let w(t) = -4*t**2 + 3*t**b + 5*t + t**3 - 2*t**3 - 3 - 2*t. What is the units digit of w(3)?
4
Suppose 5*o = 16 - 11. Suppose -i + o - 6 = -2*b, 4*b - 4*i = 0. What is the units digit of b?
5
Suppose 4*a + 4*j + 8 = 0, -2*a + 5*a = -j - 12. What is the units digit of (-278)/a - (-20)/50?
6
Let n = 10 + -16. Let c = n - -6. Suppose -u = -c*u - 21. What is the tens digit of u?
2
Let w be -2*(-3)/(-4)*-2. Suppose 10 = -w*c + 5*c. Suppose q + 1 = r - c*r, 4*r + 39 = q. What is the units digit of q?
9
Suppose -2*v + 286 = 4*z, -3*v + 4*z + 685 = 216. What is the tens digit of v?
5
Let i = -41 - -98. Suppose 3*y - 71 = -26. Suppose z - 12 = -p, 0 = 3*p + 5*z - i + y. What is the units digit of p?
9
What is the hundreds digit of -4*23*(-5)/((-15)/(-24))?
7
Let r(p) = -p**2 + 25*p - 24. What is the tens digit of r(18)?
0
Let q = -385 - -702. What is the units digit of q?
7
Suppose -z + 433 = 4*f, f - 1588 = -3*z - 322. What is the hundreds digit of z?
4
Let u(k) = -k**3 - 19*k**2 + 13*k + 26. What is the tens digit of u(-20)?
6
Let h(v) = -10*v - 70. What is the hundreds digit of h(-19)?
1
Suppose -4*d - 5856 = -h - 16928, 16 = -4*h. What is the units digit of d?
7
Suppose -2*y = 2*i - 10, 2*i + 16 = 5*i + 4*y. Let v be ((-38)/i)/(2/(-12)). What is the units digit of (-3)/((-9)/v) + 2?
1
Suppose -5*u + 2*a = -4933, u + 3*a - 8*a - 982 = 0. Suppose 3*q = -2*c + 593, 9*q - 4*q + 2*c = u. What is the units digit of q?
7
Suppose -4*o = -5*o + 508. What is the hundreds digit of o?
5
Let q(c) = 447*c + 755. What is the thousands digit of q(10)?
5
Let v be (24/9)/((-4)/24). Let n = v - -91. What is the units digit of n?
5
Suppose 2*k - 3*x - 155 - 39 = 0, 5*k - 2*x - 485 = 0. Let v = 155 - k. Suppose -4*z - 230 = -4*c - z, -c = -z - v. What is the tens digit of c?
5
Suppose 0 = 3*o - v - 5 - 8, -3*v - 12 = 0. Suppose 1 - 4 = -w. Suppose -4*k + 188 = -o*m + 6*m, w*k = -2*m + 142. What is the tens digit of k?
5
Suppose -23 = -5*a - 8. Suppose 3*u - a*c - 31 = -u, c = 3. Suppose f = -u + 31. What is the u